nd p?
16
Let n = 340 + -334. Suppose 0 = -2*y + 29 + 1. Calculate the highest common divisor of y and n.
3
Let a be ((-54)/12 - -5)*(-2 - -68). Let w(n) = n**3 - n**2 + 3*n + 1. Let v be w(2). Calculate the highest common factor of a and v.
11
Let m(w) = w**2 - 17*w - 49. Let c be m(-4). What is the highest common divisor of 140 and c?
35
Suppose -b + 2*d = -125, 0 = -12*b + 8*b - 3*d + 478. Calculate the greatest common divisor of b and 22.
11
Suppose 0 = 5*v + z - 23, 6*z = -2*v + 3*z + 17. Let w(t) = -t**2 + t + 22. Let b be w(v). What is the greatest common divisor of 2 and b?
2
Let s be -1 + (-2)/((-2)/2). Let h(u) = -s + 5*u + 4 - 2 + 2. Let j be h(2). What is the highest common factor of j and 65?
13
Let y = -22 - -24. Suppose -1 - 11 = -y*n. Suppose n = 5*x - 24. What is the highest common factor of x and 54?
6
Suppose -9*o = 23*o - 64. What is the greatest common divisor of o and 10?
2
Let k(b) = -b**2 - 3*b + 2. Let g be k(-10). Let v = g + 217. Suppose -3*n + 48 = -2*f - v, 2*f - 307 = -5*n. Calculate the greatest common divisor of n and 7.
7
Let q(n) = 15*n**2 - n. Let r be q(1). Suppose m = r + 7. Let p(c) = 7*c**2 + 10*c + 6. Let b be p(5). What is the greatest common divisor of m and b?
21
Let d(v) = -v**3 + 12*v**2 - 11*v + 3. Let n be d(11). Suppose -n*b + q = -2*q - 27, -5*b + 25 = -q. What is the greatest common factor of 4 and b?
4
Let l(t) = -24 - 247*t - 9 + 2 + 200*t. Let n be l(-9). What is the greatest common divisor of n and 49?
49
Let d = 6 + 8. Let x be 7/(d/20)*3. Let f = -44 - -89. Calculate the highest common divisor of x and f.
15
Suppose -9*d = -4185 - 144. Let l = -306 + d. What is the highest common factor of 35 and l?
35
Suppose -3*o - 5*i = 1745, o + i + 2*i = -583. Let a = -212 - o. Calculate the highest common factor of 46 and a.
46
Suppose 4*q - 7*d + 2*d - 25 = 0, -2*d = -3*q + 17. Let t be 15/9*18/q + 1. What is the greatest common factor of 77 and t?
7
Let n(k) = -k**3 - 2*k**2 - 7*k + 8. Let q be n(0). Calculate the greatest common factor of 4 and q.
4
Let f be (18/(-30))/(2/(-90)). Let u be (0 + -1)*(-438 + -11). Let w = -233 + u. What is the greatest common divisor of f and w?
27
Let a = 231 - 340. Let v = a + 67. Let f = v + 66. Calculate the greatest common divisor of f and 192.
24
Let i be -4*(-1)/14 - (-1836)/42. Calculate the greatest common factor of i and 22.
22
Suppose 4*k + 10 = 6. Let n be k/(39/(-12) - -3). Suppose n*x = s - 20, -5*x - 59 = -4*s + 10. Calculate the greatest common divisor of 80 and s.
16
Let p = -14 - -16. Let h = 104 - -106. Suppose x = -p*x + h. What is the greatest common divisor of 28 and x?
14
Let q(o) = 34 - 6*o + 2*o + o**2 + o + 8. Let i be q(-11). Calculate the highest common divisor of i and 28.
28
Suppose 3*y = -4*c - 13, -c - 5 = y - 2*y. Let m(j) = 13*j**2 - 2*j + 1. Let u be m(1). Calculate the highest common factor of u and y.
1
Let w = 19 - 19. Let j(u) = -u**3 + u**2 + 104. Let z be j(w). Suppose z + 13 = 3*h. Calculate the greatest common divisor of h and 13.
13
Let w = 34 - -61. Calculate the highest common divisor of 38 and w.
19
Suppose -m + 4695 = 3*g, 3*g - g = 3*m + 3119. Suppose 0 = 3*i - 4*f - 895, 5*i - g = -5*f - 84. What is the highest common factor of i and 27?
27
Suppose -5*f - 4*k + 185 = 0, 4*f + 200 = 9*f + k. Calculate the highest common factor of 328 and f.
41
Let l(s) = -4*s - 4. Let q be l(-3). Suppose 0 = 2*z + i - q, 2*i - 30 = -5*z - 10. Let x be 28*2/z*1. Calculate the highest common divisor of x and 35.
7
Let o be 310/75 + 2/(-15). Let a = 12 - 6. Let d be (a + -1)*56/10. Calculate the highest common factor of d and o.
4
Suppose -4*x = -5*c + 1, 0 = -3*x + 3*c - 1 - 2. Let h be x*75/(-12)*2. Let g = -24 + h. Calculate the highest common divisor of g and 234.
26
Suppose 20 + 1 = 2*m - o, 5*m + o - 63 = 0. Let i be -4*((-45)/(-9))/(-5). Calculate the highest common divisor of m and i.
4
Suppose 979 = -9*h + 13*h + a, -4*h + 4*a + 984 = 0. Calculate the highest common divisor of 147 and h.
49
Suppose 5*k - 164*d + 165*d - 36 = 0, -12 = k + 5*d. What is the highest common divisor of 10 and k?
2
Let c = -737 - -767. Calculate the highest common factor of 470 and c.
10
Suppose 0 = -2*y - 36 - 116. Let s be 39/(-26)*y/6. Calculate the greatest common divisor of 152 and s.
19
Let x(q) = 6*q + 57. Let k be x(-9). What is the highest common divisor of k and 48?
3
Let j = -63 + 101. Calculate the highest common factor of j and 95.
19
Suppose 88 = 6*z - 362. Let d = 38 + -13. Calculate the greatest common divisor of d and z.
25
Let n(w) = -2*w + 2 - 3 + 0*w + 35*w**2. Let h be 3/(-12) - 7/4. Let g be n(h). What is the highest common divisor of g and 13?
13
Suppose -230 = 3*f + 2*f. Let a = f - -66. Calculate the highest common divisor of a and 40.
20
Suppose 2*d = -4*w + 8, -2*d + 5*w - 7 = -3*d. Let f be d - (-3 + 1 - -2). Suppose 0 = 6*h - 4*h - f. Calculate the highest common factor of 5 and h.
1
Let x(n) = -n + 27. Let h be x(13). Suppose 5*y + h = 6*y. Calculate the highest common divisor of 98 and y.
14
Let v be (-48)/5*180/(-8). Suppose 0 - v = -3*z. Calculate the greatest common factor of z and 8.
8
Suppose -54 = 2*y - 5*y. Suppose -335 = 4*m - 8*m - 5*l, 3*m - 4*l - 290 = 0. What is the highest common divisor of m and y?
18
Let m = -863 + 879. What is the greatest common divisor of m and 592?
16
Suppose -12*a = -4*a - 272. Let c(x) = 3*x**2 + 11*x - 2. Let h be c(-8). Calculate the greatest common divisor of a and h.
34
Suppose 2*k - 69 = w, 2*k + 35 = -4*w + 109. Let u = 50 - 51. Let f be u/(-1*2/2)*5. What is the greatest common factor of f and k?
5
Let p = 5 + -1. Let x(d) be the third derivative of d**4/6 - 5*d**3/3 + 47*d**2. Let b be x(p). What is the greatest common divisor of 66 and b?
6
Suppose -5*m = -m + z - 801, 1002 = 5*m + 2*z. Calculate the greatest common divisor of 160 and m.
40
Let p = 71 - 6. Suppose -5*v + 5*b = -p, 0 = -2*b - 2 - 0. Calculate the highest common divisor of v and 12.
12
Suppose 69*y - 239 = -101. Suppose 4*x + 0*x + 52 = i, 3*x + 143 = 4*i. What is the greatest common divisor of y and i?
2
Let f(w) = -w**3 + 5*w**2 - 6*w + 10. Let m be f(4). Let p be 50*(m - 5)*(-6)/36. Calculate the highest common factor of p and 5.
5
Let n(r) = -28*r - 2. Let t be n(-4). Suppose -3*b - 5*x + 25 = 0, -5*b - 39*x + 44*x = -55. What is the highest common divisor of b and t?
10
Let t(c) = -2*c**2 + 8*c + 5. Let h be t(4). Suppose -5*v = h*s - 255, -s + 0*v = -2*v - 54. What is the highest common factor of 130 and s?
26
Let c(k) = -6*k + 5. Let j be c(-1). Suppose u - j + 2 = 0. What is the greatest common factor of 45 and u?
9
Let k be -9 - (11 - 11) - -289. What is the highest common divisor of 112 and k?
56
Let w(k) = -5*k - 27. Let p be w(-14). Let z be 69/6*-8 + 0. Let c = p - z. What is the greatest common divisor of 15 and c?
15
Let k be (-9)/(-6)*(4 - (1 - -1)). Suppose -5*b + 21 = -k*b - 5*w, -2*b - 3*w + 45 = 0. What is the greatest common divisor of b and 12?
6
Let n(a) be the second derivative of 7*a**5/20 + a**4/6 + a**3/6 - 7*a**2/2 - 12*a. Let v be n(3). Calculate the highest common divisor of v and 29.
29
Let r = 42 + -90. Let i be r/112 - 1893/(-7). Calculate the highest common factor of i and 27.
27
Let r be 238/22 - 2/(-11). Let a(h) = -76*h + 1. Let j be a(-1). What is the highest common divisor of j and r?
11
Suppose -148 = 2*g - k, -5*g = -2*k - k + 369. Let p be (g/(-2))/5*2. Calculate the greatest common divisor of p and 10.
5
Let o be 4/(60/3) + (-9)/(-5). Suppose -d + 3*a + 15 = 0, 3 = o*d + 4*a - a. Calculate the highest common factor of d and 4.
2
Let a = 213 + -153. Calculate the highest common factor of a and 620.
20
Let l(v) = v**3 + 12*v**2 - 15*v - 14. Let j be l(-13). What is the greatest common divisor of j and 156?
12
Suppose 4*a = -4*k + 9 + 11, 2*k - a - 1 = 0. Suppose -k*q = -268 + 92. What is the greatest common divisor of 66 and q?
22
Let c(r) = 35*r + 8. Let a(x) = 945*x + 215. Let k(o) = 2*a(o) - 55*c(o). Let i be k(-2). What is the highest common factor of 600 and i?
60
Let f(c) = 4*c - 2. Let s be f(4). Suppose -x - 3 + s = 0. Suppose -488 + 362 = -2*v + 2*o, v - 4*o - 54 = 0. What is the greatest common divisor of x and v?
11
Let h(r) = 5*r**2 + 13*r + 42. Let i be 